= -236*o - 835. Calculate w(-5).
345
Let b(d) = -2*d**3 - 16*d**2 - 3*d - 48. What is b(-8)?
-24
Let m(n) = n**2 - 194*n + 4355. Determine m(26).
-13
Let i(b) = b**3 + 13*b**2 - 168*b - 2186. Give i(-13).
-2
Let f(c) = c**3 + 14*c**2 + 12*c - 17. Determine f(-13).
-4
Let b(m) = -8*m + 188. Give b(4).
156
Let i(n) = -n**2 - 90*n + 373. Give i(-94).
-3
Let u(x) = 34*x + 1067. Calculate u(-32).
-21
Let p(n) = 359*n + 2856. What is p(-8)?
-16
Let n(b) = 59*b**2 - 948*b + 70. What is n(16)?
6
Let c(p) = p**2 + 25*p - 3. Calculate c(0).
-3
Let i(t) = -t + 65. Determine i(104).
-39
Let w(b) = -5*b**2 + 95*b - 29. What is w(21)?
-239
Let r(t) = 124*t - 2780. Determine r(23).
72
Let b(y) = -y**3 - 11*y**2 + 23*y + 45. Give b(-13).
84
Let o(m) = -8*m**3 + 18*m**2 + 14*m - 35. Calculate o(2).
1
Let w(o) = 7*o**2 + 31*o - 867. Determine w(9).
-21
Let r(l) = -2*l**2 - 25*l - 16. What is r(-6)?
62
Let d(n) = n**3 + 25*n**2 - 19*n + 79. Determine d(-26).
-103
Let m(s) = -s**3 - 2*s**2 + 26*s + 81. What is m(-6)?
69
Let w(v) = v**3 - 329*v**2 - 396*v + 21780. Calculate w(330).
0
Let j(l) = l**2 + 36*l + 199. What is j(-6)?
19
Let b(w) = -2*w**3 + 35*w**2 - 24*w + 40. What is b(17)?
-79
Let i(y) = -151*y - 6792. What is i(-45)?
3
Let l(y) = 376*y - 1760. Determine l(3).
-632
Let s(o) = -2*o**3 + 25*o**2 - 4*o + 19. Calculate s(10).
479
Let x(g) = -2*g**3 - 28*g**2 + 7*g + 68. What is x(-14)?
-30
Let j(b) = 5*b**2 - 18*b - 14. What is j(-2)?
42
Let l(j) = 47*j + 1078. Calculate l(-23).
-3
Let z(y) = -y**2 - 29*y - 172. Give z(-12).
32
Let f(d) = d**3 - 9*d**2 - 36*d + 39. Determine f(-5).
-131
Let g(w) = 7*w**2 + 98*w + 746. Give g(-7).
403
Let y(n) = -4*n - 1. Calculate y(-15).
59
Let n(o) = -o**2 - 56*o - 742. Give n(-37).
-39
Let r(g) = -2*g**2 - 40*g + 461. Give r(11).
-221
Let d(z) = z**3 + 7*z**2 - 17*z - 75. Determine d(-3).
12
Let i(h) = 36*h**3 - 4*h**2 - 4*h. What is i(-1)?
-36
Let d(b) = b**3 - 12*b**2 - 13*b + 171. Determine d(12).
15
Let r(z) = 4*z**2 - 38*z - 334. Determine r(17).
176
Let p(z) = -320*z + 41911. Determine p(131).
-9
Let r(j) = 1100*j - 6600. Determine r(6).
0
Let w(x) = x**3 - 37*x**2 - 164*x + 5. What is w(41)?
5
Let d(h) = -6*h**2 + 42*h - 46. What is d(5)?
14
Let y(t) = -7*t**2 - t + 1. Give y(-3).
-59
Let w(h) = -26*h + 1378. Determine w(52).
26
Let m(x) = -247*x - 8908. What is m(-36)?
-16
Let u(r) = -4*r**2 + 20*r + 3. Calculate u(5).
3
Let h(j) = 118*j**2 + 1300*j - 6. Give h(-11).
-28
Let g(s) = s**3 - 39*s**2 + 282*s + 12. Determine g(10).
-68
Let g(r) = 823*r - 2463. Give g(3).
6
Let v(a) = -2*a**3 - 45*a**2 + 377*a - 8. Determine v(-29).
-8
Let d(v) = v**3 + 24*v**2 - 32*v - 235. Calculate d(-25).
-60
Let l(d) = -7*d**2 - 288*d + 1349. Calculate l(5).
-266
Let g(r) = -22*r + 37. What is g(5)?
-73
Let g(j) = 73*j**2 - 7*j - 6. Calculate g(-1).
74
Let p(s) = 15*s + 127. Determine p(-7).
22
Let m(r) = r**3 - 15*r**2 - 22*r + 153. Calculate m(8).
-471
Let n(a) = 8*a**3 - 314*a**2 + 71*a + 270. Determine n(39).
-3
Let v(t) = -t**3 + 11*t**2 - 23*t - 16. Determine v(7).
19
Let t(j) = -7*j**2 + 39*j + 468. Calculate t(-11).
-808
Let f(s) = -s**3 + 8*s**2 + 23*s - 42. What is f(11)?
-152
Let s(l) = -64*l - 346. Determine s(-5).
-26
Let a(q) = -24*q - 1370. Determine a(-57).
-2
Let k(w) = -w**3 - 29*w**2 + 199*w + 973. What is k(-34)?
-13
Let h(y) = -y**2 + 276*y + 2270. What is h(-8)?
-2
Let u(k) = -k**3 + 25*k**2 - 9*k + 226. Give u(25).
1
Let u(i) = i**2 - 23*i - 87. What is u(17)?
-189
Let x(u) = -41*u**2 + 30*u + 61. What is x(-2)?
-163
Let g(o) = o**3 - 63*o**2 + 76*o + 2796. Determine g(61).
-10
Let b(l) = 2*l**3 - 21*l + 64. Give b(3).
55
Let b(p) = -144*p + 74. Determine b(5).
-646
Let v(c) = 72*c - 2736. Determine v(38).
0
Let o(p) = -510*p + 3978. Calculate o(8).
-102
Let d(f) = 54*f - 162. Calculate d(3).
0
Let u(x) = x**3 + 10*x**2 - 14*x - 17. Calculate u(-9).
190
Let s(y) = 89*y + 505. What is s(-7)?
-118
Let v(t) = -t**3 - 1546*t**2 + 9304*t + 30. Calculate v(6).
-18
Let v(s) = s**3 - 6*s**2 + 26*s - 122. Give v(6).
34
Let h(t) = t + 50. Determine h(-3).
47
Let i(v) = -3*v - 150. Determine i(46).
-288
Let y(m) = -m**2 + 72*m + 813. Calculate y(-10).
-7
Let k(x) = -7*x**2 - 150*x + 14. Give k(-22).
-74
Let b(t) = 143*t**2 - 266*t - 56. Give b(2).
-16
Let o(g) = -g**2 + 10*g - 24. Determine o(6).
0
Let k(f) = -f**3 + 16*f**2 - 4*f + 29. Determine k(16).
-35
Let g(m) = 4*m**3 + 504*m**2 - 2*m - 249. Calculate g(-126).
3
Let i(g) = 48*g - 2912. Determine i(62).
64
Let s(a) = -a**3 - 51*a**2 + 2*a + 135. What is s(-51)?
33
Let n(w) = -9299*w + 9287. What is n(1)?
-12
Let y(i) = i**2 - 54*i + 334. Calculate y(47).
5
Let o(b) = -16*b - 56. Determine o(-4).
8
Let g(k) = 2522*k - 15124. What is g(6)?
8
Let i(t) = -t**2 + 253*t - 11845. Calculate i(191).
-3
Let n(w) = 68*w - 986. Determine n(6).
-578
Let v(b) = -b**3 - 47*b**2 - 5*b - 218. Give v(-47).
17
Let u(n) = -n**3 + 28*n**2 - 165*n + 100. Determine u(20).
0
Let y(v) = 5*v**2 + 124*v - 186. Calculate y(-26).
-30
Let t(u) = 462*u - 507. Calculate t(1).
-45
Let x(h) = -13*h**2 + 196*h - 465. What is x(12)?
15
Let m(j) = j**2 - 68*j - 89. Determine m(0).
-89
Let k(s) = 13*s - 125. Calculate k(-7).
-216
Let x(o) = -17*o - 5. Calculate x(-2).
29
Let h(x) = x**3 + 17*x**2 - 47*x + 7. What is h(-20)?
-253
Let z(t) = -t**3 - 9*t**2 + 22*t + 185. Calculate z(-9).
-13
Let s(z) = 8*z + 2. Determine s(10).
82
Let u(g) = -11*g**2 - 42*g - 1. What is u(-4)?
-9
Let g(d) = -3*d**3 - 66*d**2 - 2*d - 22. What is g(-22)?
22
Let o(m) = -128*m - 994. Calculate o(-10).
286
Let q(z) = z**3 + z**2 - 1153*z - 7. Determine q(0).
-7
Let h(q) = 109*q + 107. What is h(-2)?
-111
Let r(x) = 1146*x - 4579. Give r(4).
5
Let y(t) = t**2 - 148*t - 2462. What is y(-15)?
-17
Let d(v) = -1826*v - 5473. Determine d(-3).
5
Let u(y) = 3*y**2 + 5*y + 16. Give u(7).
198
Let c(z) = -z**2 + 19*z + 190. Determine c(-7).
8
Let h(p) = -p**2 + 447*p - 13664. Calculate h(414).
-2
Let u(r) = r**3 - 17*r**2 + 53*r + 5. What is u(5)?
-30
Let g(b) = 3*b**2 - 33*b - 77. Determine g(13).
1
Let t(i) = -i**3 - 18*i**2 - 27*i - 156. What is t(-17)?
14
Let p(k) = -99*k - 1627. Give p(-12).
-439
Let f(c) = 4*c**2 - 225*c - 32836. Give f(123).
5
Let p(o) = 3*o. Calculate p(-1).
-3
Let z(y) = y**3 + 30*y**2 + 130*y + 123. Give z(-25).
-2
Let q(o) = 48*o**2 + 9555*o + 603. Determine q(-199).
6
Let l(s) = 13*s**2 + 113*s + 73. Determine l(-9).
109
Let r(g) = g**3 + 28*g**2 - 55*g + 168. Calculate r(-30).
18
Let r(i) = 4*i**2 - 7*i - 23. Determine r(0).
-23
Let u(y) = y**3 + 81*y**2 - 105*y - 1866. Calculate u(-82).
20
Let k(c) = 3*c**2 + 5*c - 19. Determine k(9).
269
Let b(m) = -3*m**3 - 22*m**2 + 18*m + 34. Determine b(-8).
18
Let y(d) = d**3 - 9*d**2. Give y(0).
0
Let q(n) = -26*n + 62. Determine q(2).
10
Let c(g) = -g**3 - 14*g**2 + 51*g - 18. Determine c(-17).
-18
Let h(a) = 46*a - 47. What is h(7)?
275
Let g(t) = 11*t + 121. Determine g(-40).
-319
Let p(b) = -4*b**2 - 9219*b + 27690. What is p(3)?
-3
Let v(q) = q**2 + 32*q - 200. Calculate v(5).
-15
Let g(c) = -4*c + 22. Calculate g(4).
6
Let z(h) = -2*h**2 + 53*h + 57. What is z(28)?
-27
Let g(j) = -6*j**2 + 8*j + 98. Determine g(-6).
-166
Let z(r) = -r**3 + 15*r**2 + 37*r + 15. Determine z(17).
66
Let l(w) = w**3 + 15*w**2 + 2*w + 20. Give l(-15).
-10
Let u(b) = -84*b - 9. Determine u(-2).
159
Let n(c) = -737*c - 7367. What is n(-10)?
3
Let v(m) = -m**3 + 13*m**2 + 12*m + 70. Give v(14).
42
Let l(m) = -m**2 + 162*m - 6497. Give l(89).
0
Let v(q) = 524*q + 3176. Determine v(-6).
32
Let w(o) = -o**2 + 578*o + 4689. Determine w(-8).
1
Let i(z) = -z - 104. Determine i(-19).
-85
Let l(w) = -2835*w - 16975. Give l(-6).
35
Let c(f) = 64*f + 382. What is c(-6)?
-2
Let m(n) = -474*n**3 + 2*n**2 + n - 1. Calculate m(-1).
474
Let f(g) = 3*g**2 - 116*g - 294. What is f(41)?
-7
Let c(h) = -h**3 + 23*h**2 + 28*h - 79. Give c(24).
17
Let o(c) = -47*c + 411. Determine o(7).
82
Let m(v) = -653*v - 3271. Determine m(-5).
-6
Let z(h) = 148*h - 1025. What is z(9)?
307
Let n(r) = 2*r**2 + 28*r + 108. Determine n(-10).
28
Let g(q) = 9*q**2 + 176*q - 15. Determine g(-20).
65
Let d(r) = r**3 - 21*r**2 + 11*r - 214. Determine d(21).
17
Let i(n) = -11*n**3 + 350*n**2 + 62*n + 54. Calculate i(32